{"id":2782,"date":"2025-09-18T15:46:01","date_gmt":"2025-09-18T13:46:01","guid":{"rendered":"https:\/\/fundacion.neuronadigital.es\/politica-de-cookies\/"},"modified":"2025-09-19T07:43:50","modified_gmt":"2025-09-19T07:43:50","slug":"politica-de-cookies","status":"publish","type":"page","link":"https:\/\/fundacion.neuronadigital.es\/val\/politica-de-cookies\/","title":{"rendered":"Pol\u00edtica de cookies"},"content":{"rendered":"<h1>Pol\u00edtica de cookies<\/h1>\n<p>Fecha de \u00faltima actualizaci\u00f3n: 11\/09\/2025<\/p>\n<p><b>QU\u00c8 S\u00d3N LES COOKIES?<\/b><\/p>\n<p>Les cookies s\u00f3n petits fitxers que s\u2019instal\u00b7len al disc dur o al navegador de l\u2019ordinador, tauleta, smartphone o dispositiu equivalent amb funcions de navegaci\u00f3 a trav\u00e9s d\u2019Internet i ajuden, entre altres coses, a: personalitzar els serveis del titular de la web, facilitar la navegaci\u00f3 i usabilitat dins la web, obtenir informaci\u00f3 agregada dels visitants, possibilitar la reproducci\u00f3 i visualitzaci\u00f3 de contingut multim\u00e8dia a la pr\u00f2pia web, permetre elements d\u2019interacci\u00f3 entre l\u2019usuari i la web, habilitar eines de seguretat, etc.<\/p>\n<p><b>DEFINICIONS UTILITZADES EN AQUESTA POL\u00cdTICA DE COOKIES<\/b><\/p>\n<ul>\n<li style=\"font-weight: 400;\" aria-level=\"1\">Dada: \u00c9s la informaci\u00f3 que s\u2019obt\u00e9 mitjan\u00e7ant l\u2019equip terminal de l\u2019usuari a trav\u00e9s del dispositiu d\u2019emmagatzematge i recuperaci\u00f3 de dades (cookies o altres). La dada ser\u00e0 personal quan es tracte d\u2019informaci\u00f3 sobre persones f\u00edsiques identificades o identificables, en els termes establerts a l\u2019article 4 del RGPD. <\/li>\n<li style=\"font-weight: 400;\" aria-level=\"1\">Informaci\u00f3 agregada: informaci\u00f3 no nominal, t\u00edpicament num\u00e8rica i amb finalitats d\u2019oferir informaci\u00f3 estad\u00edstica.<\/li>\n<li style=\"font-weight: 400;\" aria-level=\"1\">Equip terminal: \u00c9s el dispositiu des del qual l\u2019usuari accedeix al servei, com un ordinador personal, un tel\u00e8fon m\u00f2bil, una tauleta, etc., i a partir del qual s\u2019obt\u00e9 la informaci\u00f3.<\/li>\n<li style=\"font-weight: 400;\" aria-level=\"1\">Servei de la societat de la informaci\u00f3: \u00c9s tot servei prestat a petici\u00f3 individual d\u2019un usuari, a t\u00edtol oner\u00f3s o no, a dist\u00e0ncia i per via electr\u00f2nica, sempre que, a efectes d\u2019aquesta guia, constitueixi una activitat econ\u00f2mica per a l\u2019editor, la prestaci\u00f3 del qual origina la utilitzaci\u00f3 de les cookies.<\/li>\n<li style=\"font-weight: 400;\" aria-level=\"1\">Editor: responsable o titular de la p\u00e0gina web<\/li>\n<li style=\"font-weight: 400;\" aria-level=\"1\">Tercer: entitat externa, col\u00b7laboradora, prestadora de serveis o relacionada amb l\u2019editor, intervinent en la gesti\u00f3 d\u2019algunes cookies.<\/li>\n<li style=\"font-weight: 400;\" aria-level=\"1\">Responsable de la cookie: l\u2019editor, responsable, titular de la p\u00e0gina web o, fins i tot, el tercer en alguns casos.<\/li>\n<li style=\"font-weight: 400;\" aria-level=\"1\">H\u00e0bits de navegaci\u00f3: tend\u00e8ncies que mostra l\u2019usuari quan navega a trav\u00e9s d\u2019una p\u00e0gina web, com, per exemple, el temps que visita la p\u00e0gina, les parts que visita, les seccions m\u00e9s freq\u00fcents, origen de la visita, destinaci\u00f3 de la visita, entre altres. <\/li>\n<\/ul>\n<p><b>QUINS TIPUS DE COOKIES EXISTEIXEN?<\/b><\/p>\n<p>Segons l\u2019entitat que la gestiona:<\/p>\n<p>Cookies pr\u00f2pies: s\u00f3n aquelles que s\u2019envien a l\u2019equip terminal de l\u2019usuari des d\u2019un equip o domini gestionat pel propi editor i des del qual es presta el servei sol\u00b7licitat per l\u2019usuari.<\/p>\n<p>Cookies de tercers: s\u00f3n aquelles que s\u2019envien a l\u2019equip terminal de l\u2019usuari des d\u2019un equip o domini que no \u00e9s gestionat per l\u2019editor, sin\u00f3 per una altra entitat que tracta les dades obtingudes a trav\u00e9s de les cookies.<\/p>\n<p>Segons el termini de temps que romanen activades a l\u2019equip terminal:<\/p>\n<p>Cookies de sessi\u00f3:s\u00f3n aquelles dissenyades per recollir i emmagatzemar dades mentre l\u2019usuari accedeix a una p\u00e0gina web. S\u2019utilitzen normalment per emmagatzemar informaci\u00f3 que nom\u00e9s interessa conservar per a la prestaci\u00f3 del servei sol\u00b7licitat per l\u2019usuari en una sola ocasi\u00f3 (per exemple, una llista de productes adquirits) i desapareixen en finalitzar la sessi\u00f3. <\/p>\n<p>Cookies persistents: s\u00f3n aquelles en qu\u00e8 les dades continuen emmagatzemades al terminal i poden ser accedides i tractades durant un per\u00edode definit pel responsable de la cookie, que pot anar des d\u2019uns minuts fins a diversos anys.<\/p>\n<p>Segons la finalitat per a la qual es tracten les dades obtingudes a trav\u00e9s de les cookies:<\/p>\n<p>Cookies t\u00e8cniquesS\u00f3n aquelles que permeten a l\u2019usuari la navegaci\u00f3 a trav\u00e9s d\u2019una p\u00e0gina web, plataforma o aplicaci\u00f3 i la utilitzaci\u00f3 de les diferents opcions o serveis que hi existisquen, incloent-hi aquelles que l\u2019editor utilitza per permetre la gesti\u00f3 i operativa de la p\u00e0gina web i habilitar-ne les funcions i serveis, com, per exemple, controlar el tr\u00e0nsit i la comunicaci\u00f3 de dades, identificar la sessi\u00f3, accedir a parts d\u2019acc\u00e9s restringit, recordar els elements que integren una comanda, realitzar el proc\u00e9s de compra d\u2019una comanda, gestionar el pagament, controlar el frau vinculat a la seguretat del servei, realitzar la sol\u00b7licitud d\u2019inscripci\u00f3 o participaci\u00f3 en un esdeveniment, comptar visites a efectes de la facturaci\u00f3 de llic\u00e8ncies del programari amb qu\u00e8 funciona el servei (lloc web, plataforma o aplicaci\u00f3), utilitzar elements de seguretat durant la navegaci\u00f3, emmagatzemar continguts per a la difusi\u00f3 de v\u00eddeos o so, habilitar continguts din\u00e0mics (per exemple, animaci\u00f3 de c\u00e0rrega d\u2019un text o imatge) o compartir continguts a trav\u00e9s de xarxes socials. Tamb\u00e9 pertanyen a aquesta categoria, per la seua naturalesa t\u00e8cnica, aquelles cookies que permeten la gesti\u00f3, de la manera m\u00e9s eficient possible, dels espais publicitaris que, com un element m\u00e9s de disseny o \u201cmaquetaci\u00f3\u201d del servei ofert a l\u2019usuari, l\u2019editor haja incl\u00f2s en una p\u00e0gina web, aplicaci\u00f3 o plataforma en base a criteris com el contingut editat, sense que es recopile informaci\u00f3 dels usuaris amb finalitats diferents, com pot ser personalitzar aquest contingut publicitari o altres continguts. <\/p>\n<p>Cookies de prefer\u00e8ncies o personalitzaci\u00f3: s\u00f3n aquelles que permeten recordar informaci\u00f3 perqu\u00e8 l\u2019usuari accedisca al servei amb determinades caracter\u00edstiques que poden diferenciar la seua experi\u00e8ncia de la dels altres usuaris, com, per exemple, l\u2019idioma, el nombre de resultats a mostrar quan l\u2019usuari realitza una cerca, l\u2019aspecte o contingut del servei en funci\u00f3 del tipus de navegador pel qual l\u2019usuari accedeix al servei o de la regi\u00f3 des de la qual accedeix al servei, etc.<\/p>\n<p>Cookies d\u2019an\u00e0lisi o de rendiment::s\u00f3n aquelles que permeten al responsable de les mateixes el seguiment i an\u00e0lisi del comportament dels usuaris dels llocs web als quals estan vinculades, inclosa la quantificaci\u00f3 dels impactes dels anuncis. La informaci\u00f3 recollida mitjan\u00e7ant aquest tipus de cookies s\u2019utilitza en la mesura de l\u2019activitat dels llocs web, aplicaci\u00f3 o plataforma, amb la finalitat d\u2019introduir millores en funci\u00f3 de l\u2019an\u00e0lisi de les dades d\u2019\u00fas que fan els usuaris del servei. <\/p>\n<p>Cookies publicit\u00e0ries: s\u00f3n aquelles que permeten la gesti\u00f3, de la manera m\u00e9s eficient possible, dels espais publicitaris que, en el seu cas, l\u2019editor haja incl\u00f2s en una p\u00e0gina web, aplicaci\u00f3 o plataforma des de la qual presta el servei sol\u00b7licitat en base a criteris com el contingut editat o la freq\u00fc\u00e8ncia amb qu\u00e8 es mostren els anuncis.<\/p>\n<p>Cookies de publicitat comportamental:s\u00f3n aquelles que permeten la gesti\u00f3, de la manera m\u00e9s eficient possible, dels espais publicitaris que, en el seu cas, l\u2019editor haja incl\u00f2s en una p\u00e0gina web, aplicaci\u00f3 o plataforma des de la qual presta el servei sol\u00b7licitat. Aquestes cookies emmagatzemen informaci\u00f3 del comportament dels usuaris obtinguda a trav\u00e9s de l\u2019observaci\u00f3 continuada dels seus h\u00e0bits de navegaci\u00f3, la qual cosa permet desenvolupar un perfil espec\u00edfic per mostrar publicitat en funci\u00f3 d\u2019aquest perfil. <\/p>\n<p><b>EN CONCRET, QUINES COOKIES UTILITZEM?<\/b><\/p>\n<p>[PENDENT D\u2019AFEGIR LA TAULA DE COOKIES]<\/p>\n<p>Mitjan\u00e7ant aquestes cookies, no s\u2019elaboren perfils dels usuaris que naveguen a trav\u00e9s de la web ni, per tant, es prenen decisions automatitzades basades en aquestes dades.<\/p>\n<p>Aquest perfilatge i les decisions que es prenen sobre les dades tenen com a conseq\u00fc\u00e8ncia un major nivell de personalitzaci\u00f3 i predicci\u00f3 sobre les prefer\u00e8ncies dels navegants.<\/p>\n<p>Pots informar-te sobre les transfer\u00e8ncies a tercers pa\u00efsos que, en el seu cas, realitzen els tercers identificats en aquesta pol\u00edtica de cookies, aix\u00ed com dels riscos que suposa aquesta transfer\u00e8ncia d\u2019acord amb les seues pr\u00f2pies pol\u00edtiques alienes a aquest lloc web, accedint a les seues corresponents pol\u00edtiques de cookies facilitades en cada <b>cas a la taula anterior.<\/b><\/p>\n<p>Pots acceptar, denegar o revocar el consentiment per a l\u2019\u00fas de les cookies descrites en aquesta pol\u00edtica a trav\u00e9s del configurador de cookies que apareix disponible en l\u2019av\u00eds inicial d\u2019\u00fas de cookies quan accedeixes a la p\u00e0gina principal, per\u00f2 tamb\u00e9 pots desactivar o eliminar les cookies acceptades pr\u00e8viament a trav\u00e9s de les pr\u00f2pies configuracions dels navegadors d\u2019internet. T\u2019indiquem els m\u00e9s populars en aquesta mateixa pol\u00edtica de cookies. <\/p>\n<p><b>COM DESACTIVAR LES COOKIES?<\/b><\/p>\n<p>El bloqueig o desactivaci\u00f3 de totes les cookies ajuda a protegir la privadesa, per\u00f2 tamb\u00e9 pot limitar l\u2019experi\u00e8ncia en alguns llocs web, aix\u00ed com limitar funcionalitats o, fins i tot, impedir la correcta navegaci\u00f3 o utilitzaci\u00f3 d\u2019alguns dels seus serveis. <\/p>\n<p>Pots activar o desactivar les cookies descrites anteriorment (excepte les cookies t\u00e8cniques, que s\u00f3n necess\u00e0ries per al correcte funcionament) a trav\u00e9s del configurador que apareix a l\u2019av\u00eds d\u2019\u00fas de cookies en accedir a la nostra p\u00e0gina principal. Tingues en compte que, si acceptes les cookies de tercers, haur\u00e0s d\u2019eliminar-les des de les opcions del navegador o des del sistema ofert pel propi tercer. <\/p>\n<p>De la mateixa manera, si vols saber com desactivar les cookies en els navegadors web m\u00e9s populars, accedeix als seg\u00fcents tutorials:<\/p>\n<ul>\n<li style=\"font-weight: 400;\" aria-level=\"1\"><a href=\"http:\/\/support.google.com\/chrome\/answer\/95647?hl=es\"><i>Google Chrome<\/i><\/a><\/li>\n<li style=\"font-weight: 400;\" aria-level=\"1\"><a href=\"http:\/\/support.mozilla.org\/es\/kb\/habilitar-y-deshabilitar-cookies-que-los-sitios-we\"><i>Mozilla Firefox<\/i><\/a><\/li>\n<li style=\"font-weight: 400;\" aria-level=\"1\"><a href=\"https:\/\/support.microsoft.com\/es-es\/microsoft-edge\/eliminar-las-cookies-en-microsoft-edge-63947406-40ac-c3b8-57b9-2a946a29ae09\"><i>Microsoft<\/i><\/a><i> Edge<\/i><\/li>\n<li style=\"font-weight: 400;\" aria-level=\"1\"><a href=\"http:\/\/support.apple.com\/es-es\/HT1677\"><i>Safari<\/i><\/a><\/li>\n<li style=\"font-weight: 400;\" aria-level=\"1\"><a href=\"http:\/\/support.google.com\/chrome\/answer\/2392971?hl=es\"><i>Chrome para Android<\/i><\/a><\/li>\n<li style=\"font-weight: 400;\" aria-level=\"1\"><a href=\"http:\/\/help.opera.com\/Windows\/11.50\/es-ES\/cookies.html\"><i>Opera<\/i><\/a><\/li>\n<\/ul>\n<p>Si tens alguna pregunta o dubte sobre aquesta Pol\u00edtica de Cookies, pots posar-te en contacte amb nosaltres a trav\u00e9s dels mitjans de contacte de la nostra p\u00e0gina web.<\/p>\n<p>Si vols, puc revisar tot el text de la pol\u00edtica de cookies i fer una versi\u00f3 coherent i uniforme en valenci\u00e0, amb tota la terminologia alineada i clara. Vols que ho fa\u00e7a?<\/p>\n","protected":false},"excerpt":{"rendered":"<p>Pol\u00edtica de cookies Fecha de \u00faltima actualizaci\u00f3n: 11\/09\/2025 QU\u00c8 S\u00d3N LES COOKIES? Les cookies s\u00f3n petits fitxers que s\u2019instal\u00b7len al disc dur o al navegador de l\u2019ordinador, tauleta, smartphone o dispositiu equivalent amb funcions de navegaci\u00f3 a trav\u00e9s d\u2019Internet i ajuden, entre altres coses, a: personalitzar els serveis del titular de la web, facilitar la [&hellip;]<\/p>\n","protected":false},"author":1,"featured_media":0,"parent":0,"menu_order":0,"comment_status":"closed","ping_status":"closed","template":"","meta":{"give_campaign_id":0,"footnotes":""},"class_list":["post-2782","page","type-page","status-publish","hentry"],"campaignId":"","_links":{"self":[{"href":"https:\/\/fundacion.neuronadigital.es\/val\/wp-json\/wp\/v2\/pages\/2782","targetHints":{"allow":["GET"]}}],"collection":[{"href":"https:\/\/fundacion.neuronadigital.es\/val\/wp-json\/wp\/v2\/pages"}],"about":[{"href":"https:\/\/fundacion.neuronadigital.es\/val\/wp-json\/wp\/v2\/types\/page"}],"author":[{"embeddable":true,"href":"https:\/\/fundacion.neuronadigital.es\/val\/wp-json\/wp\/v2\/users\/1"}],"replies":[{"embeddable":true,"href":"https:\/\/fundacion.neuronadigital.es\/val\/wp-json\/wp\/v2\/comments?post=2782"}],"version-history":[{"count":0,"href":"https:\/\/fundacion.neuronadigital.es\/val\/wp-json\/wp\/v2\/pages\/2782\/revisions"}],"wp:attachment":[{"href":"https:\/\/fundacion.neuronadigital.es\/val\/wp-json\/wp\/v2\/media?parent=2782"}],"curies":[{"name":"wp","href":"https:\/\/api.w.org\/{rel}","templated":true}]}}