{"id":3058,"date":"2025-06-06T11:06:54","date_gmt":"2025-06-06T09:06:54","guid":{"rendered":"https:\/\/fundacion.neuronadigital.es\/constitucio-i-fins-fundacionals\/"},"modified":"2025-10-13T20:18:50","modified_gmt":"2025-10-13T18:18:50","slug":"constitucio-i-fins-fundacionals","status":"publish","type":"page","link":"https:\/\/fundacion.neuronadigital.es\/val\/constitucio-i-fins-fundacionals\/","title":{"rendered":"Constituci\u00f3 i Fins Fundacionals"},"content":{"rendered":"<h2>Fins de la Fundaci\u00f3<\/h2>\n<p>\u2013 Preservar i difondre el llegat art\u00edstic de Fernando Cabrera Cant\u00f3.<\/p>\n<p>\u2013 Conservar, catalogar i documentar les seues obres.<\/p>\n<p>\u2013 Promoure estudis sobre la seua obra, la seua \u00e8poca i els seus deixebles.<\/p>\n<p>\u2013 Inspirar i donar suport a l\u2019expressi\u00f3 creativa a trav\u00e9s de programes educatius innovadors.<\/p>\n<p>\u2013 Enriquir la vida cultural i global.<\/p>\n<p>\t\t\t\t\t\t\t\t\t\t\t\t\t\t\t<img loading=\"lazy\" decoding=\"async\" width=\"751\" height=\"1053\" src=\"https:\/\/fundacion.neuronadigital.es\/wp-content\/uploads\/2025\/07\/malvas-reales.jpg\" alt=\"\" srcset=\"https:\/\/fundacion.neuronadigital.es\/wp-content\/uploads\/2025\/07\/malvas-reales.jpg 751w, https:\/\/fundacion.neuronadigital.es\/wp-content\/uploads\/2025\/07\/malvas-reales-600x841.jpg 600w, https:\/\/fundacion.neuronadigital.es\/wp-content\/uploads\/2025\/07\/malvas-reales-214x300.jpg 214w, https:\/\/fundacion.neuronadigital.es\/wp-content\/uploads\/2025\/07\/malvas-reales-730x1024.jpg 730w\" sizes=\"auto, (max-width: 751px) 100vw, 751px\" \/>\t\t\t\t\t\t\t\t\t\t\t\t\t\t\t<\/p>\n<h2>El Patronat<\/h2>\n<p><strong>Constitu\u00eft per:<\/strong><\/p>\n<ul>\n<li>PRESIDENT: D. Fco. Javier Aracil Garc\u00eda <\/li>\n<li>VICEPRESIDENTA: D\u00aa. Nuria Aracil Garc\u00eda <\/li>\n<li>SECRETARI: D. Jos\u00e9 Fernando Cabedo Gisbert<\/li>\n<li>VOCAL: D\u00aa. M\u00aa Elisa Aracil Garc\u00eda <\/li>\n<li>VOCAL: D\u00aa. Gema Aracil Garc\u00eda <\/li>\n<li>VOCAL: D. Carlos Aracil Corma<\/li>\n<li>VOCAL: D. Borja Franc\u00e9s Aracil.<\/li>\n<li>ASSESSOR ART\u00cdSTIC D. Jos\u00e9 Luis Antequera Luc\u00e1s<\/li>\n<li>VOCAL: Fundaci\u00f3 Mutua de Levante<\/li>\n<\/ul>\n<p>\t\t\t\t\t<a href=\"https:\/\/fundacion.neuronadigital.es\/val\/amics\/\"><br \/>\n\t\t\t\t\t\t\t\t\tFES-TE AMIC<br \/>\n\t\t\t\t\t<\/a><\/p>\n<p>\n\t\t\t\t\t\tJunts, fem possible que l\u2019obra de Fernando Cabrera Cant\u00f3 continue viva i accessible per a tots.\n\t\t\t\t\t<\/p>\n","protected":false},"excerpt":{"rendered":"<p>Fins de la Fundaci\u00f3 \u2013 Preservar i difondre el llegat art\u00edstic de Fernando Cabrera Cant\u00f3. \u2013 Conservar, catalogar i documentar les seues obres. \u2013 Promoure estudis sobre la seua obra, la seua \u00e8poca i els seus deixebles. \u2013 Inspirar i donar suport a l\u2019expressi\u00f3 creativa a trav\u00e9s de programes educatius innovadors. \u2013 Enriquir la vida [&hellip;]<\/p>\n","protected":false},"author":1,"featured_media":0,"parent":0,"menu_order":0,"comment_status":"closed","ping_status":"closed","template":"","meta":{"give_campaign_id":0,"footnotes":""},"class_list":["post-3058","page","type-page","status-publish","hentry"],"campaignId":"","_links":{"self":[{"href":"https:\/\/fundacion.neuronadigital.es\/val\/wp-json\/wp\/v2\/pages\/3058","targetHints":{"allow":["GET"]}}],"collection":[{"href":"https:\/\/fundacion.neuronadigital.es\/val\/wp-json\/wp\/v2\/pages"}],"about":[{"href":"https:\/\/fundacion.neuronadigital.es\/val\/wp-json\/wp\/v2\/types\/page"}],"author":[{"embeddable":true,"href":"https:\/\/fundacion.neuronadigital.es\/val\/wp-json\/wp\/v2\/users\/1"}],"replies":[{"embeddable":true,"href":"https:\/\/fundacion.neuronadigital.es\/val\/wp-json\/wp\/v2\/comments?post=3058"}],"version-history":[{"count":0,"href":"https:\/\/fundacion.neuronadigital.es\/val\/wp-json\/wp\/v2\/pages\/3058\/revisions"}],"wp:attachment":[{"href":"https:\/\/fundacion.neuronadigital.es\/val\/wp-json\/wp\/v2\/media?parent=3058"}],"curies":[{"name":"wp","href":"https:\/\/api.w.org\/{rel}","templated":true}]}}